7. Determine a(-36).
155
Let z(j) = -39*j - 415. What is z(-10)?
-25
Let l(y) = -y**2 + 23*y - 9. What is l(5)?
81
Let k(a) = a**2 + 471*a + 42569. Determine k(-122).
-9
Let i(l) = 505*l - 11077. Determine i(22).
33
Let p(m) = -m**2 - 144*m + 12347. Determine p(60).
107
Let r(g) = 30*g + 456. Determine r(-15).
6
Let z(y) = -17*y**3 - y**2 - y + 1. Determine z(1).
-18
Let u(d) = -158*d - 839. Calculate u(-6).
109
Let t(u) = -2*u**2 - 262*u - 8470. What is t(-73)?
-2
Let u(a) = -10*a**2 - 22*a - 95. Give u(-6).
-323
Let m(b) = b**2 - 56*b - 121. What is m(58)?
-5
Let c(z) = 352*z + 3116. Determine c(-9).
-52
Let l(a) = -a**3 + 20*a**2 + 100*a - 166. Give l(25).
-791
Let p(d) = -9*d**2 + 64*d - 14. Determine p(7).
-7
Let v(k) = -385*k + 11172. Calculate v(29).
7
Let u(z) = -29*z - 3335. Determine u(-115).
0
Let i(a) = -3*a**2 - 19*a + 5. Determine i(2).
-45
Let o(c) = -1707*c + 10233. Determine o(6).
-9
Let s(z) = -126*z - 130. Calculate s(-7).
752
Let l(k) = -10*k**2 - 108*k + 9. Determine l(-8).
233
Let l(j) = -33*j**3 + j**2 - 8*j + 4. Give l(1).
-36
Let j(d) = -289*d - 10124. Determine j(-35).
-9
Let z(b) = 2*b**3 + 46*b**2 - 245*b - 5629. Calculate z(-23).
6
Let y(c) = -16*c**3 + 92*c**2 + 94*c + 2. Give y(-1).
16
Let a(i) = -38*i - 101. Give a(-1).
-63
Let z(x) = -x**3 - 42*x**2 + 3914*x - 89. Determine z(-87).
-2
Let b(z) = 79*z**2 - 5. Give b(1).
74
Let i(b) = 405*b - 120284. What is i(297)?
1
Let j(b) = b**3 - 26*b**2 + 83*b - 9. Determine j(22).
-119
Let w(z) = 7*z + 59. What is w(-12)?
-25
Let r(c) = 2*c**3 + 32*c**2 + 125*c + 23. Determine r(-6).
-7
Let b(n) = -560*n - 1118. Determine b(-2).
2
Let o(u) = 9*u - 615. Calculate o(68).
-3
Let y(j) = 18*j + 1081. What is y(-65)?
-89
Let h(s) = 3*s**2 + 25*s - 39. Give h(-9).
-21
Let a(w) = -w**2 - 131*w + 1566. Calculate a(11).
4
Let o(f) = -42*f + 495. Give o(8).
159
Let m(p) = p**2 + 5129*p + 107264. Give m(-21).
-4
Let y(b) = b**3 - 38*b**2 - 78*b + 1529. What is y(39)?
8
Let v(h) = -3*h**3 - 213*h**2 + 10*h + 706. Determine v(-71).
-4
Let j(l) = -2*l**3 - 11*l**2 + 5*l - 39. Determine j(-6).
-33
Let c(d) = 17*d**3 - d**2 - 3*d + 7. Determine c(-2).
-127
Let g(c) = -62*c - 239. Give g(-4).
9
Let p(t) = -t**2 - 25*t + 393. Give p(-27).
339
Let q(d) = -1946*d + 27233. Determine q(14).
-11
Let l(n) = 1058*n**2 - 19038*n - 108. Give l(18).
0
Let l(c) = 3*c**3 - 16*c**2 - 10*c. What is l(6)?
12
Let a(x) = -5*x - 83. What is a(-15)?
-8
Let a(n) = n**2 - 1308*n - 1307. Determine a(-1).
2
Let t(v) = 3*v**2 - 137*v - 577. Calculate t(-4).
19
Let y(s) = s**3 + 14*s**2 - 8*s + 135. Give y(-15).
30
Let f(p) = -p**3 + 33*p**2 - 146*p + 19. What is f(5)?
-11
Let a(g) = 15*g**2 - 46*g + 3. Calculate a(2).
-29
Let u(c) = -145*c - 278. What is u(-2)?
12
Let i(t) = -8*t + 44. What is i(0)?
44
Let g(f) = 185*f**3 + 18*f**2 + 27*f + 9. What is g(-1)?
-185
Let i(d) = -6*d**2 - 7*d - 38. Give i(-6).
-212
Let w(b) = 8*b**2 + 37*b - 30. Calculate w(-6).
36
Let d(a) = 9*a**3 - 30*a**2 + 16*a - 30. Calculate d(3).
-9
Let i(z) = 570*z + 3349. Determine i(-6).
-71
Let j(x) = -369*x - 2235. What is j(-6)?
-21
Let x(k) = -k**3 + 18*k**2 + 172*k + 47. Give x(25).
-28
Let u(q) = 6*q**2 - 1922*q + 636. Determine u(320).
-4
Let k(v) = 33*v - 1384. Determine k(56).
464
Let l(f) = -f**3 + 106*f**2 + 2516*f - 110. Give l(-20).
-30
Let f(g) = 345*g - 610. What is f(3)?
425
Let n(r) = 28*r**2 - 1289*r + 103. Determine n(46).
57
Let w(v) = 2*v**2 - 107*v + 20. Give w(53).
-33
Let v(h) = 10*h**2 - 228*h + 228. Give v(1).
10
Let j(b) = -3*b**3 - 49*b**2 + 36*b + 32. Calculate j(-17).
-2
Let r(l) = -39*l**2 - 21*l - 24. Determine r(-1).
-42
Let c(j) = -74*j**3 - j**2 - 10*j - 22. What is c(0)?
-22
Let s(q) = q**3 + 20*q**2 - 11*q - 371. Calculate s(-20).
-151
Let y(i) = 66*i**2 - 329*i - 4. Determine y(5).
1
Let y(f) = -48*f - 577. Determine y(-12).
-1
Let a(y) = 45*y - 70. Determine a(5).
155
Let l(z) = -z**2 - 43*z - 146. Give l(-4).
10
Let w(n) = n**2 - 288*n + 2237. Determine w(8).
-3
Let u(x) = -x**3 + 22*x**2 - 62*x + 23. What is u(19)?
-72
Let g(s) = -15*s**2 + s + 24. Give g(-1).
8
Let x(t) = t**2 - 74*t + 93. Determine x(72).
-51
Let r(p) = 2*p**2 - 135*p + 1649. What is r(16)?
1
Let r(n) = 35*n**2 + 873*n + 6. Give r(-25).
56
Let k(t) = -t**2 + 311*t - 4770. Determine k(295).
-50
Let g(j) = 10*j + 154. Determine g(-11).
44
Let s(f) = f**3 + 30*f**2 - 30*f + 29. What is s(-31)?
-2
Let d(f) = -6*f**3 - 156*f**2 - 26. Calculate d(-26).
-26
Let y(u) = 29*u + 4801. What is y(-165)?
16
Let d(l) = 6*l - 88. Determine d(29).
86
Let w(q) = 12*q**2 + 16*q + 97. Give w(-4).
225
Let i(b) = -466*b + 2343. Calculate i(5).
13
Let k(t) = -3*t**3 - 18*t**2 + 262*t + 8. Give k(7).
-69
Let i(l) = 14*l**3 - l**2 - 7*l + 9. Calculate i(1).
15
Let i(q) = -q**3 + 13*q**2 - 72*q + 312. What is i(7)?
102
Let b(v) = 3346*v - 23440. Give b(7).
-18
Let j(p) = 3*p**2 + 55*p + 212. What is j(-6)?
-10
Let a(v) = -56*v + 62. What is a(2)?
-50
Let a(m) = 1440*m + 1362. What is a(-1)?
-78
Let v(r) = r**3 + 99*r**2 + 192*r + 20. Give v(-97).
214
Let t(d) = -d**3 + 20*d**2 + 41*d + 22. Determine t(22).
-44
Let i(a) = -2*a**2 + 155*a - 2530. Calculate i(23).
-23
Let k(g) = -2302*g + 22926. Calculate k(10).
-94
Let w(v) = 3*v**3 + 146*v**2 + 110*v + 189. Calculate w(-48).
-483
Let k(s) = 196*s - 21201. Give k(108).
-33
Let t(g) = -6607*g + 19851. Determine t(3).
30
Let r(q) = q**3 - 9*q**2 - 2*q - 5. Calculate r(9).
-23
Let k(r) = -2*r**3 + 4*r**2 + 7*r - 37. Calculate k(0).
-37
Let h(p) = 2*p**2 + 25*p - 83. Calculate h(-17).
70
Let j(h) = -3*h**3 - 52*h**2 - 15*h + 112. What is j(-17)?
78
Let o(x) = -77*x**3 - 2*x**2 + 21*x - 19. What is o(1)?
-77
Let v(z) = -2*z**3 + 14*z**2 - 7*z - 29. Calculate v(6).
1
Let q(m) = 20*m**3 - m**2 - 3*m - 36. What is q(-3)?
-576
Let y(g) = 2*g**3 + 7*g**2 + 7*g + 8. Give y(-4).
-36
Let t(f) = 81*f + 1206. Calculate t(-15).
-9
Let c(b) = -3*b**3 + 15*b**2 - b - 35. Determine c(4).
9
Let o(b) = -15*b + 429. Calculate o(-9).
564
Let g(r) = -15*r + 25. What is g(-4)?
85
Let s(y) = 56*y**3 - 17*y**2 - 21*y - 3. What is s(-1)?
-55
Let z(h) = -4*h**2 - 5*h + 20. Calculate z(2).
-6
Let i(h) = -64*h + 1413. Determine i(22).
5
Let c(v) = -v**2 - 176*v - 7381. What is c(-107)?
2
Let o(r) = 728*r - 5105. What is o(7)?
-9
Let j(f) = 4*f**2 + 11*f - 52. What is j(5)?
103
Let f(b) = 99*b - 4095. Determine f(43).
162
Let h(g) = 30*g - 172. Determine h(8).
68
Let x(a) = -a**3 + 4*a**2 + 5*a + 60. Determine x(0).
60
Let k(o) = -163*o - 790. Give k(-5).
25
Let a(s) = 88*s - 11263. Calculate a(128).
1
Let g(n) = -2*n**2 + 16*n + 214. Determine g(-12).
-266
Let c(q) = 54191*q + 270960. What is c(-5)?
5
Let j(y) = 323*y - 26628. Calculate j(82).
-142
Let n(p) = 2*p**2 + 85*p + 725. Determine n(-31).
12
Let l(a) = 157*a + 59. Determine l(0).
59
Let j(u) = 47248*u - 283493. What is j(6)?
-5
Let x(p) = -p**2 - 92*p + 1254. Give x(-104).
6
Let f(z) = z**3 + 15*z**2 + 175*z + 1486. What is f(-9)?
397
Let a(k) = 59*k**2 + 10*k - 6. What is a(1)?
63
Let l(k) = -7*k**2 + 165*k - 4. Determine l(23).
88
Let c(s) = 282*s + 2549. Calculate c(-9).
11
Let j(r) = -12*r**2 - 504*r + 13. Determine j(-42).
13
Let i(l) = -2*l**2 + 7. Give i(2).
-1
Let a(b) = 6*b + 119. Determine a(-23).
-19
Let v(d) = -d**2 + 261*d + 2165. What is v(-8)?
13
Let k(y) = 2*y**2 + 169*y - 1574. What is k(-93)?
7
Let o(b) = 5*b + 147. Determine o(-57).
-138
Let a(i) = -271*i + 3249. What is a(12)?
-3
Let c(f) = f**3 + 120*f**2 - 624*f + 139. Determine c(-125).
14
Let y(u) = 2*u**3 - 2*u**2 + 20*u - 56. Determine y(4).
120
Let n(s) = 37*s**3 + 6*s**2 + s - 2. Determine n(-2).
-276
Let k(n) = 75*n - 303. Calculate k(7).
222
Let w(a) = -7*a**2 + 26*a + 11. Give w(4).
3
Let r(i) = 2*i**2 + 77*i - 147. Determine r(-42).
147
Let o(d) = -6*d**2 - 8*d + 39. What is o(-7)?
-199
Let g(y) = -y**3 - 43*y**2 + 9*y + 384. Give g(-43).
-3
Let o(h) = h**2 + 16*h + 46. What is o(-14)?
18
Let c(k) = 4*k**3 - 77*k**2 + 21*k - 36. Give c(19).
2
Let t(a) = -3*a**3 + 550*a**2 - 181*a - 361. Calculate t(183).
5
Let i(y) = y**2 - 279*y + 3008. Determine i(11).
60
Let q(u) = -2*u**3 - 2*u**2 + 7*u + 2. Calculate q(-3).
17
Let o(n) = 48*n**2 - 3*n - 4. Give o(-1).
47
Let v(x) = -3514*x - 10562. Give v(-